et j = 7839 + -7594. Calculate the remainder when 998 is divided by j.
18
Let s(i) = i**3 - 19*i**2 + 40*i - 21. Calculate the remainder when 1504 is divided by s(17).
46
Let w = -10734 + 11135. What is the remainder when w is divided by 51?
44
Let f be ((23 + 2)*6 - 0) + 3. Let m = -47 + f. Let d = m - 83. Calculate the remainder when 114 is divided by d.
22
Let i(f) = -f**2 - 26*f + 3476. Calculate the remainder when 5570 is divided by i(-72).
158
Suppose 342 = 4*x - 2*n, 11*x = 16*x - 5*n - 445. Calculate the remainder when x is divided by 55.
27
Let w = 76 + -91. Let d(x) = -x**3 - 16*x**2 - 19*x - 33. What is the remainder when 241 is divided by d(w)?
25
Let m = -108 - -155. Let t = 136 - m. What is the remainder when t is divided by 19?
13
Let t(a) = -122*a + 1. Suppose -7947 - 14876 = -29*z. Let f = z - 756. Calculate the remainder when t(-1) is divided by f.
30
Let n(f) = f**3 + 18*f**2 + 2*f + 39. Let i be n(-18). Suppose 3*b - i = 0, -126 = -4*v - 2*b - 4. Calculate the remainder when 88 is divided by v.
28
Calculate the remainder when 1202 is divided by (-16 - 2844/(-84)) + 6/(-7).
12
Let g(v) = -19*v - 1410. Let a(d) = -44*d**2. Let k be a(-1). Let i = 114 + k. Calculate the remainder when i is divided by g(-75).
10
What is the remainder when 694 is divided by 75 + ((-6)/(-6) - -6) - (0 + 6)?
10
What is the remainder when 1176 is divided by ((-202)/56 - (-108)/144)/(1/(-203))?
16
Let v = -9355 - -26555. What is the remainder when v is divided by 282?
280
Let v(q) = -7*q - 73. Suppose -5*k + 11*k = 6. Calculate the remainder when v(-15) is divided by -5 + 7 + 1/(k/16).
14
Let v = -5192 - -5213. Let i(k) = k**2 + 8*k - 11. What is the remainder when v is divided by i(-10)?
3
Calculate the remainder when 1/((-1)/54)*13650/(-630) is divided by 118.
108
Let t(z) = 45*z + 15. Let m be t(3). Let c = m + -77. Let b = -56 + c. Calculate the remainder when b is divided by 6.
5
What is the remainder when (-1*3)/((9*(-6)/(-18))/(-269)) is divided by 89?
2
Let v = -113 - -199. Let f be 1*(40 + (-15)/(-5)). Let q = -20 + f. What is the remainder when v is divided by q?
17
Suppose -17 = 4*p - 57. Calculate the remainder when 158 is divided by p.
8
Let d = -233 - -252. Suppose 2*b = -0*q - 3*q, 5*b = q - 34. Calculate the remainder when d is divided by (-10)/b - (39/(-9) - -4).
1
Let g = 22892 - 22770. Calculate the remainder when 425 is divided by g.
59
Let z = 25 + -15. Suppose -l + r = 9, -4*l = 104*r - 106*r + 32. Let a(v) = 3*v**2 + 8*v - 26. Calculate the remainder when a(l) is divided by z.
5
Suppose 20 = 101*f - 485. What is the remainder when 182 is divided by f?
2
Calculate the remainder when (-7 - 154)/((-11)/(-2) + -6) is divided by 30.
22
Let r = -6031 - -6195. Let j = 90 - 41. Calculate the remainder when r is divided by j.
17
Suppose 4*l - 3*g - 128 = 0, -3*g = -3*l + 55 + 44. Let j(r) = 2*r**3 - 59*r**2 + 35*r + 5. Calculate the remainder when j(l) is divided by 31.
24
Suppose -2*x - 1151 = 2*h - 1165, -49 = -4*h - x. What is the remainder when 170 is divided by h?
2
Let t(n) = 577 + n**3 + 9 - 52*n - n**2 - 293 + 34 - 4*n**2. Calculate the remainder when 133 is divided by t(7).
11
Let u = -1143 + 1188. Calculate the remainder when 245 is divided by u.
20
Let p = -1000 + 1572. Let k be p/10 + (-7)/35. Let t = k - 43. Calculate the remainder when 81 is divided by t.
11
Suppose 5*n + 246 = 3*r + 8*n, -5*n = -r + 76. What is the remainder when r is divided by 25?
6
Suppose 140*o + 9*o + 2918 - 10666 = 0. What is the remainder when 6445 is divided by o?
49
Let l(i) = -6 - 3*i**2 - 8*i - 5 + 2*i**2. Let s be l(-5). Suppose -s*w + 56 = -4*k, 136 = 4*w + 2*k + 56. What is the remainder when 87 is divided by w?
15
Let x(s) = 2*s**2 - 169*s + 1200. Calculate the remainder when x(7) is divided by 28.
3
Let m = 10756 - 10652. What is the remainder when m is divided by 56?
48
Suppose -9*w + 459 = -153. Let k be (0 - 1) + 4/((-16)/(-20)). Suppose k*i - 3*i - 14 = 0. Calculate the remainder when w is divided by i.
12
Let d = 78420 - 78335. What is the remainder when d is divided by 28 - 0 - (-1 + 0)?
27
Let k = -336 - -348. Suppose -2*u - 2111 = -2225. What is the remainder when u is divided by k?
9
What is the remainder when 3795 is divided by (-38)/(-361) + (-5916)/(-114)?
51
Let b(v) = -v**2 + 4*v + 8. Let x be b(6). Let w be x*(15/6 + -3). Suppose 5 - 20 = -3*z + 3*k, w*k = 3*z - 20. Calculate the remainder when 35 is divided by z.
5
Let b be -2*(-24)/16 - 8. Let l(v) = -19*v - 81. What is the remainder when l(b) is divided by 5?
4
Let r(d) = -d**2 + 10*d - 12. Let j be r(8). Let c be (3 - 6) + 20/j. Calculate the remainder when 342/4*(1 + c/(-6)) is divided by 15.
12
Let y = -717 + 456. Let s = 323 + y. Calculate the remainder when s is divided by 17.
11
Let t = 62 + 23. Suppose 23*n - t = 20*n - w, 0 = n - w - 35. What is the remainder when 172 is divided by n?
22
Calculate the remainder when 1160 is divided by 3/(-12)*2*((-14952)/(-14))/(-6).
3
Let w = 62 + -125. Let q = w - -72. Calculate the remainder when 56 is divided by q.
2
Let v(p) be the third derivative of -p**6/5 - p**5/60 - 3*p**4/8 - 3*p**3/2 - 5*p**2 + 12*p. Calculate the remainder when 2/1 + (85 - -2) is divided by v(-1).
20
Let r(y) = 3*y + 1. Let v be r(-10). Let g(j) = -6*j - 26. Calculate the remainder when g(-6) is divided by ((-2)/3)/(v/261).
4
Suppose -403 = -v - 4*q - 0*q, 0 = -4*v - 5*q + 1689. What is the remainder when 440 is divided by v?
9
Suppose 4*s + 187 = 235. Let v(k) = -4*k**2 + 51*k + 5. Let p = -28 + 42. Calculate the remainder when v(s) is divided by p.
13
Let t(s) = 22*s - 23. Let b(l) = -2*l**2 - 68*l + 97. What is the remainder when b(-34) is divided by t(3)?
11
Let o = -6156 - -6280. What is the remainder when o is divided by 68?
56
Let g = -5299 - -5355. Calculate the remainder when 498 is divided by g.
50
Let g = 215 - 215. Suppose 4*z - 8*z + b + 125 = g, -5*z - 2*b = -153. What is the remainder when z is divided by ((-51)/9)/((-1)/3)?
14
Calculate the remainder when 287 is divided by (18/(-5))/((-154)/770).
17
Suppose -2*z - 2*p + 145 + 1287 = 0, p - 1440 = -2*z. What is the remainder when z is divided by 284?
156
Calculate the remainder when 19373 is divided by (4/(-7))/((14/(-42))/(196/6)).
53
Let s = 1802 - -1002. What is the remainder when s is divided by 165?
164
Suppose -443*t + 264282 = -716520. Calculate the remainder when t is divided by 20.
14
Suppose 3*p = i - 1394, 2*i - 17*p - 855 = 1878. What is the remainder when i is divided by 46?
29
What is the remainder when 8*82 + -7 + 6 + 2 is divided by 56?
41
Let g be (-39)/104 - (-43)/8. Let a(n) = 26 + 6 - 16 - g*n. Calculate the remainder when a(-6) is divided by 10.
6
Let k(g) = 94*g**2 - 17*g + 46. What is the remainder when k(8) is divided by 104?
102
Let i(r) = 3*r**3 - 5*r + 4. Let y be i(4). Let u(k) = 31*k - 948. Let b be u(31). Suppose -y = b*m - 17*m. What is the remainder when m is divided by 16?
12
What is the remainder when (-70 + 0)*(-6 + (325/26 - 15)) is divided by 128?
83
Suppose 2*l + 736 - 2128 = -2*p, -5*l - 2104 = -3*p. What is the remainder when p is divided by 101?
92
Calculate the remainder when (7 - 8096/55)*-6*10/4 is divided by 9.
6
Let p(z) = 40*z**2 + 163*z + 638. What is the remainder when p(-4) is divided by 139?
70
Let l = -450 + 469. Let x = -182 - -127. Let j = x - -127. What is the remainder when j is divided by l?
15
Let l be (((-320)/(-6))/16)/((-4)/(-18)). Suppose s = l + 2. Calculate the remainder when 47 is divided by s.
13
Let v = 66 + -60. Suppose -435 = -5*n + 2*t, -v*n - 3*t = -n - 410. Suppose -n = -28*c + 23*c. What is the remainder when c is divided by 10?
7
Calculate the remainder when 475 is divided by 2750/88 + 40/(-32).
25
Let m = 173 + -305. Let r be ((-110)/m)/(1/6). What is the remainder when r/2*(-2040)/(-150) is divided by 18?
16
Let t = -2661 - -2686. What is the remainder when 66 is divided by t?
16
Let h = -6964 - -9867. Calculate the remainder when h is divided by 57.
53
Suppose -3*i + 17*m - 16*m = -128, -8 = 4*m. What is the remainder when 460 is divided by i?
40
Suppose 0 = 11*k + 4*f - 581, 0 = 76*k - 72*k + 5*f - 190. Let z(j) = 2*j**2 + 7*j. What is the remainder when z(10) is divided by k?
50
Let w = 487 - -3728. Wha